ltiple of 47?
False
Is 46 a multiple of 46?
True
Does 42 divide 58422?
True
Is 14 a factor of 11900?
True
Does 51 divide 357?
True
Does 13 divide 299?
True
Does 9 divide 207?
True
Is 310 a multiple of 62?
True
Is 19040 a multiple of 80?
True
Is 544 a multiple of 136?
True
Is 6 a factor of 8358?
True
Is 1077 a multiple of 72?
False
Does 96 divide 1920?
True
Is 35 a factor of 4357?
False
Is 18 a factor of 80404?
False
Does 2 divide 3640?
True
Is 705 a multiple of 4?
False
Is 510 a multiple of 3?
True
Does 13 divide 3068?
True
Does 17 divide 4590?
True
Is 56 a multiple of 8?
True
Is 36 a factor of 180?
True
Is 102 a factor of 19482?
True
Is 971 a multiple of 37?
False
Is 12 a factor of 1704?
True
Is 6 a factor of 182?
False
Is 141 a multiple of 4?
False
Is 4396 a multiple of 14?
True
Is 59904 a multiple of 13?
True
Does 45 divide 2160?
True
Does 36 divide 4573?
False
Does 82 divide 7663?
False
Does 78 divide 9520?
False
Does 8 divide 488?
True
Does 12 divide 84?
True
Is 183 a factor of 16493?
False
Is 48 a factor of 54192?
True
Does 158 divide 9480?
True
Does 8 divide 6600?
True
Does 4 divide 52?
True
Does 107 divide 3505?
False
Does 257 divide 257?
True
Is 49 a factor of 2016?
False
Is 121 a factor of 576?
False
Is 12397 a multiple of 11?
True
Does 23 divide 828?
True
Does 3 divide 118?
False
Is 45 a factor of 27405?
True
Is 134 a factor of 127836?
True
Does 4 divide 5296?
True
Is 335 a factor of 75710?
True
Is 37 a multiple of 14?
False
Is 5093 a multiple of 11?
True
Does 34 divide 544?
True
Does 5 divide 7835?
True
Is 92 a factor of 10754?
False
Does 99 divide 1980?
True
Is 130 a factor of 12610?
True
Is 3 a factor of 23163?
True
Is 18 a factor of 90?
True
Is 59584 a multiple of 151?
False
Is 9 a factor of 247?
False
Does 260 divide 66399?
False
Is 14 a factor of 448?
True
Is 25 a factor of 358?
False
Does 2 divide 2225?
False
Is 720 a multiple of 10?
True
Is 2634 a multiple of 10?
False
Is 25509 a multiple of 191?
False
Does 4 divide 400?
True
Is 7 a factor of 9376?
False
Is 9 a factor of 1341?
True
Is 1698 a multiple of 136?
False
Does 219 divide 77196?
False
Is 560 a multiple of 80?
True
Does 14 divide 294?
True
Is 1427 a multiple of 11?
False
Does 85 divide 5525?
True
Is 602 a multiple of 11?
False
Is 3 a factor of 10?
False
Does 51 divide 10775?
False
Is 9 a factor of 16112?
False
Is 48 a factor of 12352?
False
Is 4218 a multiple of 37?
True
Is 24 a factor of 12212?
False
Is 9 a factor of 2377?
False
Is 25 a factor of 775?
True
Is 3 a factor of 13146?
True
Is 41658 a multiple of 131?
True
Does 6 divide 572?
False
Does 52 divide 9724?
True
Is 200 a multiple of 19?
False
Does 32 divide 1843?
False
Is 609 a multiple of 10?
False
Does 59 divide 10778?
False
Does 9 divide 56039?
False
Does 21 divide 6494?
False
Is 809 a multiple of 80?
False
Is 1364 a multiple of 22?
True
Is 4230 a multiple of 95?
False
Is 5 a factor of 220?
True
Is 3 a factor of 48?
True
Is 11 a factor of 2440?
False
Is 8 a factor of 591?
False
Is 11370 a multiple of 13?
False
Is 1280 a multiple of 10?
True
Is 45322 a multiple of 62?
True
Is 5627 a multiple of 29?
False
Is 61 a factor of 183?
True
Does 29 divide 5588?
False
Is 8 a factor of 93?
False
Is 1923 a multiple of 135?
False
Is 240 a multiple of 23?
False
Does 84 divide 756?
True
Does 49 divide 1090?
False
Is 17 a factor of 6303?
False
Is 26819 a multiple of 18?
False
Does 37 divide 74?
True
Is 10664 a multiple of 86?
True
Is 86 a factor of 524?
False
Is 748 a multiple of 44?
True
Does 55 divide 1533?
False
Is 3780 a multiple of 45?
True
Does 20 divide 22545?
False
Does 40 divide 16282?
False
Is 60 a factor of 65280?
True
Is 27 a factor of 189?
True
Is 19440 a multiple of 163?
False
Is 27 a factor of 3375?
True
Does 8 divide 29128?
True
Is 18 a factor of 828?
True
Is 367 a multiple of 28?
False
Does 5 divide 1508?
False
Is 37 a factor of 814?
True
Is 990 a multiple of 18?
True
Is 135 a factor of 17099?
False
Is 22 a factor of 3707?
False
Is 790 a multiple of 72?
False
Is 14 a factor of 714?
True
Does 30 divide 6514?
False
Is 490 a multiple of 5?
True
Is 71874 a multiple of 18?
True
Does 74 divide 46192?
False
Is 1390 a multiple of 50?
False
Does 24 divide 164?
False
Is 12 a factor of 70411?
False
Does 26 divide 1908?
False
Does 7 divide 5593?
True
Does 31 divide 4136?
False
Is 24 a factor of 3816?
True
Does 15 divide 34920?
True
Is 30 a factor of 105?
False
Does 39 divide 702?
True
Does 73 divide 132110?
False
Is 19 a factor of 37623?
False
Is 96186 a multiple of 51?
True
Is 29 a factor of 6914?
False
Is 300 a multiple of 5?
True
Is 47684 a multiple of 13?
True
Is 6910 a multiple of 5?
True
Is 16 a factor of 1004?
False
Is 764 a multiple of 24?
False
Is 22 a factor of 5327?
False
Is 3500 a multiple of 35?
True
Is 4 a factor of 1510?
False
Does 6 divide 2328?
True
Does 20 divide 72465?
False
Is 35 a factor of 5199?
False
Is 57 a factor of 6877?
False
Does 40 divide 535?
False
Is 1738 a multiple of 22?
True
Is 882 a multiple of 25?
False
Is 265 a multiple of 7?
False
Is 87 a multiple of 2?
False
Does 29 divide 307?
False
Is 6 a factor of 963?
False
Is 19307 a multiple of 225?
False
Is 14098 a multiple of 15?
False
Is 30 a factor of 2951?
False
Does 79 divide 3093?
False
Is 432 even?
True
Is 25 a factor of 5373?
False
Does 6 divide 6216?
True
Does 127 divide 49853?
False
Is 50 a factor of 802?
False
Does 4 divide 2998?
False
Is 534 a multiple of 29?
False
Is 44 a factor of 719?
False
Is 8 a factor of 1950?
False
Is 9 a factor of 3736?
False
Is 5460 a multiple of 5?
True
Is 63 a factor of 28791?
True
Is 14 a factor of 50190?
True
Is 21965 a multiple of 20?
False
Does 18 divide 990?
True
Does 94 divide 1034?
True
Is 629 a multiple of 17?
True
Does 13 divide 15392?
True
Is 8 a factor of 1350?
False
Does 6 divide 72?
True
Is 2 a factor of 161?
False
Is 462 a multiple of 7?
True
Is 47078 a multiple of 29?
False
Is 2262 a multiple of 7?
False
Does 40 divide 13744?
False
Is 831 a multiple of 5?
False
Does 93 divide 10788?
True
Is 44449 a multiple of 68?
False
Does 7 divide 21?
True
Does 14 divide 39130?
True
Is 3 a factor of 430?
False
Is 309 a factor of 56238?
True
Does 45 divide 5398?
False
Is 485 a multiple of 5?
True
Is 13617 a multiple of 17?
True
Is 114 a multiple of 2?
True
Does 15 divide 375?
True
Is 5284 a multiple of 72?
False
Does 10 divide 380?
True
Does 3 divide 453?
True
Does 2 divide 88?
True
Does 16 divide 2269?
False
Is 230 a multiple of 46?
True
Does 116 divide 1044?
True
Is 29 a factor of 2059?
True
Is 16 a factor of 1040?
True
Is 9 a factor of 207?
True
Is 1795 a multiple of 18?
False
Does 6 divide 583?
False
Is 123 a multiple of 9?
False
Does 69 divide 1587?
True
Does 11 divide 2395?
False
Is 42 a factor of 515?
False
Is 13 a factor of 13?
True
Does 5 divide 2270?
True
Is 18 a factor of 35496?
True
Is 14496 a multiple of 12?
True
Does 124 divide 18870?
False
Does 18 divide 2934?
True
Is 38448 a multiple of 36?
True
Does 24 divide 808?
False
Is 84 a factor of 822?
False
Does 110 divide 7022?
False
Is 79583 a multiple of 7?
True
Is 1056 a multiple of 32?
True
Is 15 a factor of 1680?
True
Is 15393 a multiple of 150?
False
Does 25 divide 105?
False
Is 193 a factor of 3525?
False
Is 33 a factor of 10296?
True
Is 130 a factor of 1896?
False
Is 7 a factor of 224?
True
Is 6262 a multiple of 202?
True
Does 6 divide 96?
True
Is 12 a factor of 3528?
True
Is 2 a factor of 17?
False
Is 25 a factor of 303?
False
Does 28 divide 46928?
True
Is 36 a factor of 2486?
False
Is 573 a multiple of 105?
False
Is 8 a factor of 4086?
False
Is 5 a factor of 211?
False
Does 10 divide 1130?
True
Is 58 a factor of 3913?
False
Is 8136 a multiple of 12?
True
Does 33 divide 503?
False
Is 5762 a multiple of 9?
False
Does 6 divide 22596?
True
Is 48 a factor of 1237?
False
Is 23 a factor of 52540?
False
Is 27 a factor of 945?
True
Is 17 a factor of 2267?
False
Does 7 divide 423?
False
Does 40 divide 560?
True
Is 6984 a multiple of 12?
True
Is 54 a factor of 486?
True
Is 21156 a multiple of 102?
False
Is 12 a factor of 984?
True
Is 20 a factor of 40?
True
Does 12 divide 3125?
False
Is 20 a factor of 14425?
False
Is 15 a factor of 1380?
True
Is 17 a factor of 1258?
True
Does 21 divide 8637?
False
Is 109 a factor of 326?
False
Is 163 a fact